Calculate the remainder when 180 is divided by 88.
4
Calculate the remainder when 383 is divided by 77.
75
What is the remainder when 32 is divided by 11?
10
Calculate the remainder when 275 is divided by 17.
3
Calculate the remainder when 1622 is divided by 26.
10
What is the remainder when 132 is divided by 34?
30
What is the remainder when 485 is divided by 35?
30
Calculate the remainder when 6033 is divided by 49.
6
Calculate the remainder when 293 is divided by 16.
5
Calculate the remainder when 6974 is divided by 8.
6
Calculate the remainder when 17340 is divided by 21.
15
What is the remainder when 3387 is divided by 77?
76
Calculate the remainder when 464 is divided by 6.
2
What is the remainder when 517 is divided by 124?
21
Calculate the remainder when 8742 is divided by 4362.
18
Calculate the remainder when 15 is divided by 7.
1
Calculate the remainder when 73 is divided by 13.
8
What is the remainder when 211 is divided by 44?
35
Calculate the remainder when 253 is divided by 51.
49
Calculate the remainder when 713 is divided by 54.
11
What is the remainder when 988 is divided by 110?
108
Calculate the remainder when 401 is divided by 78.
11
Calculate the remainder when 205 is divided by 69.
67
What is the remainder when 122 is divided by 44?
34
Calculate the remainder when 2476 is divided by 21.
19
Calculate the remainder when 82 is divided by 25.
7
What is the remainder when 761 is divided by 12?
5
Calculate the remainder when 43 is divided by 15.
13
Calculate the remainder when 120 is divided by 36.
12
What is the remainder when 784 is divided by 445?
339
What is the remainder when 91 is divided by 4?
3
Calculate the remainder when 2065 is divided by 47.
44
What is the remainder when 1957 is divided by 22?
21
What is the remainder when 50 is divided by 35?
15
Calculate the remainder when 165 is divided by 21.
18
What is the remainder when 80 is divided by 13?
2
Calculate the remainder when 2678 is divided by 67.
65
Calculate the remainder when 187 is divided by 95.
92
What is the remainder when 491 is divided by 99?
95
What is the remainder when 343 is divided by 88?
79
Calculate the remainder when 12 is divided by 3.
0
Calculate the remainder when 7886 is divided by 208.
190
Calculate the remainder when 46 is divided by 34.
12
What is the remainder when 48 is divided by 6?
0
What is the remainder when 2594 is divided by 20?
14
What is the remainder when 178 is divided by 45?
43
What is the remainder when 378 is divided by 4?
2
Calculate the remainder when 304 is divided by 94.
22
Calculate the remainder when 287 is divided by 84.
35
Calculate the remainder when 413 is divided by 243.
170
What is the remainder when 532 is divided by 49?
42
What is the remainder when 2212 is divided by 54?
52
Calculate the remainder when 325 is divided by 137.
51
Calculate the remainder when 614 is divided by 203.
5
What is the remainder when 2388 is divided by 92?
88
Calculate the remainder when 144 is divided by 57.
30
Calculate the remainder when 169 is divided by 3.
1
What is the remainder when 229 is divided by 46?
45
Calculate the remainder when 664 is divided by 235.
194
Calculate the remainder when 118 is divided by 22.
8
What is the remainder when 1968 is divided by 45?
33
Calculate the remainder when 813 is divided by 13.
7
What is the remainder when 34 is divided by 14?
6
Calculate the remainder when 2639 is divided by 147.
140
Calculate the remainder when 965 is divided by 121.
118
What is the remainder when 143 is divided by 37?
32
Calculate the remainder when 1144 is divided by 108.
64
Calculate the remainder when 2027 is divided by 12.
11
Calculate the remainder when 174 is divided by 70.
34
What is the remainder when 57 is divided by 10?
7
Calculate the remainder when 1017 is divided by 85.
82
What is the remainder when 56 is divided by 20?
16
What is the remainder when 10286 is divided by 70?
66
What is the remainder when 215 is divided by 16?
7
Calculate the remainder when 253 is divided by 129.
124
What is the remainder when 589 is divided by 291?
7
Calculate the remainder when 3363 is divided by 177.
0
What is the remainder when 1327 is divided by 70?
67
Calculate the remainder when 1893 is divided by 32.
5
Calculate the remainder when 571 is divided by 72.
67
Calculate the remainder when 4654 is divided by 2325.
4
Calculate the remainder when 48 is divided by 25.
23
What is the remainder when 8439 is divided by 40?
39
Calculate the remainder when 70 is divided by 20.
10
Calculate the remainder when 371 is divided by 63.
56
What is the remainder when 53 is divided by 1?
0
Calculate the remainder when 219 is divided by 212.
7
Calculate the remainder when 43 is divided by 28.
15
Calculate the remainder when 1203 is divided by 175.
153
What is the remainder when 168 is divided by 77?
14
Calculate the remainder when 41 is divided by 15.
11
Calculate the remainder when 263 is divided by 48.
23
What is the remainder when 273 is divided by 56?
49
Calculate the remainder when 1358 is divided by 16.
14
Calculate the remainder when 168 is divided by 19.
16
What is the remainder when 3021 is divided by 16?
13
What is the remainder when 2253 is divided by 10?
3
Calculate the remainder when 804 is divided by 42.
6
What is the remainder when 426 is divided by 132?
30
What is the remainder when 7259 is divided by 33?
32
What is the remainder when 52 is divided by 27?
25
Calculate the remainder when 929 is divided by 72.
65
Calculate the remainder when 246 is divided by 126.
120
Calculate the remainder when 12136 is divided by 16.
8
What is the remainder when 2665 is divided by 249?
175
Calculate the remainder when 225 is divided by 125.
100
Calculate the remainder when 124 is divided by 54.
16
Calculate the remainder when 678 is divided by 395.
283
What is the remainder when 151 is divided by 30?
1
What is the remainder when 1072 is divided by 354?
10
Calculate the remainder when 1010 is divided by 39.
35
What is the remainder when 1465 is divided by 32?
25
Calculate the remainder when 97 is divided by 91.
6
What is the remainder when 656 is divided by 14?
12
What is the remainder when 113 is divided by 57?
56
Calculate the remainder when 3965 is divided by 25.
15
What is the remainder when 219 is divided by 80?
59
What is the remainder when 3483 is divided by 41?
39
What is the remainder when 185 is divided by 58?
11
Calculate the remainder when 70 is divided by 18.
16
Calculate the remainder when 888 is divided by 23.
14
Calculate the remainder when 239 is divided by 40.
39
Calculate the remainder when 5302 is divided by 12.
10
Calculate the remainder when 124 is divided by 109.
15
Calculate the remainder when 463 is divided by 117.
112
Calculate the remainder when 862 is divided by 243.
133
What is the remainder when 6773 is divided by 15?
8
What is the remainder when 169 is divided by 156?
13
Calculate the remainder when 351 is divided by 122.
107
What is the remainder when 411 is divided by 18?
15
Calculate the remainder when 354 is divided by 159.
36
What is the remainder when 2775 is divided by 96?
87
What is the remainder when 4038 is divided by 10?
8
What is the remainder when 4476 is divided by 262?
22
Calculate the remainder when 641 is divided by 14.
11
What is the remainder when 34 is divided by 10?
4
What is the remainder when 147 is divided by 41?
24
Calculate the remainder when 77 is divided by 10.
7
What is the remainder when 3562 is divided by 55?
42
What is the remainder when 134 is divided by 52?
30
What is the remainder when 926 is divided by 147?
44
What is the remainder when 327 is divided by 8?
7
What is the remainder when 1670 is divided by 38?
36
Calculate the remainder when 69 is divided by 65.
4
What is the remainder when 482 is divided by 9?
5
Calculate the remainder when 603 is divided by 282.
39
What is the remainder when 129 is divided by 33?
30
What is the remainder when 182 is divided by 92?
90
Calculate the remainder when 9145 is divided by 34.
33
What is the remainder when 404 is divided by 83?
72
What is the remainder when 410 is divided by 33?
14
Calculate the remainder when 1730 is divided by 854.
22
Calculate the remainder when 476 is divided by 19.
1
What is the remainder when 68 is divided by 18